f 12113?
2
What is the units digit of 6503?
3
What is the hundreds digit of 12909?
9
What is the tens digit of 23764?
6
What is the ten thousands digit of 37666?
3
What is the tens digit of 40079?
7
What is the units digit of 9141?
1
What is the ten thousands digit of 92534?
9
What is the tens digit of 1683?
8
What is the ten thousands digit of 39285?
3
What is the ten thousands digit of 10280?
1
What is the tens digit of 5078?
7
What is the units digit of 3675?
5
What is the units digit of 39552?
2
What is the hundreds digit of 29802?
8
What is the thousands digit of 3169?
3
What is the thousands digit of 5830?
5
What is the units digit of 1877?
7
What is the tens digit of 405?
0
What is the thousands digit of 1950?
1
What is the tens digit of 714?
1
What is the thousands digit of 2348?
2
What is the thousands digit of 134667?
4
What is the hundreds digit of 3790?
7
What is the thousands digit of 6356?
6
What is the hundreds digit of 1216?
2
What is the units digit of 5480?
0
What is the tens digit of 177?
7
What is the units digit of 922?
2
What is the thousands digit of 7324?
7
What is the thousands digit of 9861?
9
What is the units digit of 323?
3
What is the ten thousands digit of 26995?
2
What is the ten thousands digit of 16268?
1
What is the tens digit of 99?
9
What is the tens digit of 3813?
1
What is the thousands digit of 39899?
9
What is the thousands digit of 1117?
1
What is the thousands digit of 6411?
6
What is the thousands digit of 3336?
3
What is the tens digit of 1183?
8
What is the thousands digit of 21368?
1
What is the thousands digit of 68189?
8
What is the hundreds digit of 2347?
3
What is the units digit of 2705?
5
What is the thousands digit of 34840?
4
What is the hundreds digit of 32101?
1
What is the ten thousands digit of 15222?
1
What is the hundreds digit of 140?
1
What is the units digit of 94497?
7
What is the hundreds digit of 1348?
3
What is the units digit of 29320?
0
What is the hundreds digit of 669?
6
What is the units digit of 659?
9
What is the hundreds digit of 982?
9
What is the hundreds digit of 309?
3
What is the tens digit of 2446?
4
What is the tens digit of 47093?
9
What is the tens digit of 6623?
2
What is the tens digit of 1103?
0
What is the hundreds digit of 2574?
5
What is the units digit of 626?
6
What is the hundreds digit of 8576?
5
What is the ten thousands digit of 22363?
2
What is the tens digit of 4418?
1
What is the units digit of 3091?
1
What is the ten thousands digit of 26732?
2
What is the units digit of 445?
5
What is the units digit of 1665?
5
What is the tens digit of 4047?
4
What is the units digit of 25948?
8
What is the tens digit of 526?
2
What is the units digit of 1039?
9
What is the units digit of 149064?
4
What is the units digit of 3733?
3
What is the tens digit of 131807?
0
What is the thousands digit of 3195?
3
What is the tens digit of 33?
3
What is the units digit of 763?
3
What is the ten thousands digit of 62595?
6
What is the thousands digit of 1013?
1
What is the units digit of 12108?
8
What is the hundreds digit of 10327?
3
What is the tens digit of 301?
0
What is the thousands digit of 1494?
1
What is the tens digit of 698?
9
What is the tens digit of 104609?
0
What is the units digit of 252?
2
What is the hundreds digit of 15243?
2
What is the units digit of 2348?
8
What is the tens digit of 2351?
5
What is the tens digit of 6152?
5
What is the tens digit of 686?
8
What is the units digit of 5684?
4
What is the tens digit of 3969?
6
What is the tens digit of 8354?
5
What is the thousands digit of 17934?
7
What is the units digit of 7799?
9
What is the hundreds digit of 48584?
5
What is the hundreds digit of 881?
8
What is the hundreds digit of 5821?
8
What is the tens digit of 5951?
5
What is the units digit of 870?
0
What is the tens digit of 28465?
6
What is the thousands digit of 25318?
5
What is the units digit of 3120?
0
What is the hundreds digit of 98589?
5
What is the units digit of 567?
7
What is the ten thousands digit of 23462?
2
What is the ten thousands digit of 12685?
1
What is the tens digit of 309?
0
What is the units digit of 4543?
3
What is the units digit of 44511?
1
What is the units digit of 1838?
8
What is the ten thousands digit of 10927?
1
What is the units digit of 10575?
5
What is the tens digit of 2113?
1
What is the units digit of 20922?
2
What is the ten thousands digit of 10807?
1
What is the hundreds digit of 928?
9
What is the units digit of 146645?
5
What is the units digit of 38?
8
What is the hundreds digit of 108534?
5
What is the tens digit of 961?
6
What is the ten thousands digit of 18429?
1
What is the ten thousands digit of 46513?
4
What is the thousands digit of 1125?
1
What is the tens digit of 7749?
4
What is the ten thousands digit of 39325?
3
What is the ten thousands digit of 27026?
2
What is the thousands digit of 35267?
5
What is the tens digit of 2585?
8
What is the tens digit of 8041?
4
What is the hundreds digit of 33081?
0
What is the hundreds digit of 27566?
5
What is the hundreds digit of 2189?
1
What is the units digit of 1531?
1
What is the thousands digit of 37321?
7
What is the hundreds digit of 2639?
6
What is the thousands digit of 2221?
2
What is the thousands digit of 3268?
3
What is the hundreds digit of 865?
8
What is the units digit of 2462?
2
What is the hundreds digit of 7223?
2
What is the hundreds digit of 1028?
0
What is the hundreds digit of 2802?
8
What is the thousands digit of 3588?
3
What is the tens digit of 731?
3
What is the hundreds digit of 532?
5
What is the thousands digit of 31545?
1
What is the hundreds digit of 4544?
5
What is the units digit of 1648?
8
What is the ten thousands digit of 46092?
4
What is the tens digit of 184637?
3
What is the thousands digit of 90223?
0
What is the thousands digit of 52468?
2
What is the hundreds digit of 50780?
7
What is the units digit of 20340?
0
What is the ten thousands digit of 43425?
4
What is the tens digit of 475?
7
What is the tens digit of 8004?
0
What is the units digit of 7760?
0
What is the thousands digit of 30335?
0
What is the tens digit of 516?
1
What is the tens digit of 3195?
9
What is the tens digit of 2009?
0
What is the tens digit of 333?
3
What is the units digit of 5388?
8
What is the hundreds digit of 18601?
6
What is the ten thousands digit of 158749?
5
What is the thousands digit of 4642?
4
What is the units digit of 2386?
6
What is the hundred thousands digit of 150068?
1
What is the units digit of 14616?
6
What is the units digit of 2960?
0
What is the tens digit of 2058?
5
What is the units digit of 25810?
0
What is the units digit of 585?
5
What is the tens digit of 879?
7
What is the tens digit of 1235?
3
What is the hundreds digit of 586?
5
What is the hundreds digit of 705?
7
What is the tens digit of 124?
2
What is the thousands digit of 2404?
2
What is the units digit of 163561?
1
What is the ten thousands digit of 31628?
3
What is the hundreds digit of 62415?
4
What is the ten thousands digit of 16646?
1
What is the ten thousands digit of 54648?
5
What is the hundreds digit of 2074?
0
What is the ten thousands digit of 46453?
4
What is the ten thousands digit of 12471?
1
What is the units digit of 821?
1
What is the thousands digit of 1626?
1
What is the thousands digit of 3622?
3
What is the hundreds digit of 6380?
3
What is the ten thousands digit of 126957?
2
What is the ten thousands digit of 11612?
1
What is the units digit of 32?
2
What is the tens digit of 1742?
4
What is the hundreds digit of 14231?
2
What is the tens digit of 3095?
9
What is the tens digit of 1460?
6
What is the hundred thousands digit of 100824?
1
What is the units digit of 917?
7
What is the thousands digit of 5562?
5
What is the tens digit of 143874?
7
What is the tens digit of 11149?
4
What is the tens digit of 21170?
7
What is the units digit of 477?
7
What is the units digit of 1751?
1
What is the units digit of 105?
5
What is the hundreds digit of 563?
5
What is the hundreds digit of 43282?
2
What is the units digit of 17292?
2
What is the hundreds digit of 24221?
2
What is the hundreds digit of 649?
6
What is the ten thousands digit of 83187?
8
What is the tens digit of 1385?
8
What is the units digit of 1964?
